{"id":11607,"date":"2015-03-09T03:59:13","date_gmt":"2015-03-09T02:59:13","guid":{"rendered":"http:\/\/hajdusamson.hu\/?page_id=11607"},"modified":"2026-01-21T10:09:15","modified_gmt":"2026-01-21T09:09:15","slug":"szerzodesek","status":"publish","type":"page","link":"https:\/\/hajdusamson.hu\/?page_id=11607","title":{"rendered":"Szerz\u0151d\u00e9sek"},"content":{"rendered":"<div class=\"fusion-title title\"><h1 class=\"title-heading-left\"> Szerz\u0151d\u00e9sek<\/h1><div class=\"title-sep-container\"><div class=\"title-sep sep-single\"><\/div><\/div><\/div><div class=\"fusion-fullwidth fullwidth-box\" style=\"background-color:#ffffff;background-attachment:scroll;background-position:left top;background-repeat:no-repeat;-webkit-background-size:cover;-moz-background-size:cover;-o-background-size:cover;background-size:cover;border-color:#eae9e9;border-bottom-width: 0px;border-top-width: 0px;border-bottom-style: solid;border-top-style: solid;padding-bottom:20px;padding-left:20px;padding-right:20px;padding-top:20px;\" id=\"palyazatok\"><div class=\"avada-row\">\n<ul>\n<li><a href=\"https:\/\/hajdusamson.hu\/wp-content\/uploads\/2026\/01\/Kozzetetel-a-netto-5-mFt-ot-elero-vagy-afeletti-szerzodesekrol-2026.01.pdf\" target=\"_blank\" rel=\"noopener\">K\u00f6zz\u00e9t\u00e9tel a nett\u00f3 5 mFt-ot el\u00e9r\u0151 vagy afeletti szerz\u0151d\u00e9sekr\u0151l 2026.01.<\/a><\/li>\n<li><a title=\"K\u00f6zbeszerz\u00e9s\" href=\"?page_id=11609\">Folyamatban l\u00e9v\u0151 k\u00f6zbeszerz\u00e9si projektek megk\u00f6t\u00f6tt szerz\u0151d\u00e9sei<\/a><\/li>\n<\/ul>\n<\/div><\/div>\n","protected":false},"excerpt":{"rendered":"","protected":false},"author":1,"featured_media":0,"parent":11798,"menu_order":0,"comment_status":"open","ping_status":"open","template":"","meta":{"footnotes":""},"class_list":["post-11607","page","type-page","status-publish","hentry"],"_links":{"self":[{"href":"https:\/\/hajdusamson.hu\/index.php?rest_route=\/wp\/v2\/pages\/11607","targetHints":{"allow":["GET"]}}],"collection":[{"href":"https:\/\/hajdusamson.hu\/index.php?rest_route=\/wp\/v2\/pages"}],"about":[{"href":"https:\/\/hajdusamson.hu\/index.php?rest_route=\/wp\/v2\/types\/page"}],"author":[{"embeddable":true,"href":"https:\/\/hajdusamson.hu\/index.php?rest_route=\/wp\/v2\/users\/1"}],"replies":[{"embeddable":true,"href":"https:\/\/hajdusamson.hu\/index.php?rest_route=%2Fwp%2Fv2%2Fcomments&post=11607"}],"version-history":[{"count":35,"href":"https:\/\/hajdusamson.hu\/index.php?rest_route=\/wp\/v2\/pages\/11607\/revisions"}],"predecessor-version":[{"id":25142,"href":"https:\/\/hajdusamson.hu\/index.php?rest_route=\/wp\/v2\/pages\/11607\/revisions\/25142"}],"up":[{"embeddable":true,"href":"https:\/\/hajdusamson.hu\/index.php?rest_route=\/wp\/v2\/pages\/11798"}],"wp:attachment":[{"href":"https:\/\/hajdusamson.hu\/index.php?rest_route=%2Fwp%2Fv2%2Fmedia&parent=11607"}],"curies":[{"name":"wp","href":"https:\/\/api.w.org\/{rel}","templated":true}]}}