{"id":11928,"date":"2015-03-10T05:51:38","date_gmt":"2015-03-10T04:51:38","guid":{"rendered":"http:\/\/hajdusamson.hu\/?page_id=11928"},"modified":"2016-02-22T09:48:37","modified_gmt":"2016-02-22T08:48:37","slug":"testvertelepulesek","status":"publish","type":"page","link":"https:\/\/hajdusamson.hu\/?page_id=11928","title":{"rendered":"Testv\u00e9rtelep\u00fcl\u00e9sek"},"content":{"rendered":"<div class=\"fusion-one-half one_half fusion-layout-column fusion-column spacing-yes\"><div class=\"fusion-column-wrapper\"><img loading=\"lazy\" decoding=\"async\" class=\"decoded aligncenter\" style=\"height: 139px; width: auto;\" src=\"http:\/\/www.hajdusamson.hu\/files\/termek_files0000000247_m.jpg\" alt=\"\" width=\"133\" height=\"141\" \/><\/p>\n<p style=\"text-align: center;\"><em><strong>Magyar \u2013 Bolg\u00e1r<\/strong> kapcsolat<\/em><\/p>\n<p style=\"text-align: center;\"><a href=\"http:\/\/www.hajdusamson.hu\/files\/termek_files0000001012.pdf\">Belene<\/a><\/p>\n<p style=\"text-align: center;\"><a href=\"http:\/\/obshtina.belene.net\">http:\/\/obshtina.belene.net<\/a><\/p>\n<\/div><\/div><div class=\"fusion-one-half one_half fusion-layout-column fusion-column last spacing-yes\"><div class=\"fusion-column-wrapper\">\n<p style=\"text-align: center;\"><a href=\"http:\/\/domokos.ro\/index.php\/home-53\"><img loading=\"lazy\" decoding=\"async\" class=\"decoded\" src=\"http:\/\/www.hajdusamson.hu\/files\/termek_files0000001007_m.jpg\" alt=\"\" width=\"133\" height=\"141\" \/><\/a><\/p>\n<p style=\"text-align: center;\"><strong><em>Magyar &#8211;\u00a0Sz\u00e9kelyf\u00f6ldi <\/em><\/strong><em>kapcsolat<\/em><\/p>\n<p style=\"text-align: center;\"><a href=\"http:\/\/www.hajdusamson.hu\/files\/termek_files0000001011.pdf\">Cs\u00edkszentdomokos<\/a><\/p>\n<p style=\"text-align: center;\"><a href=\"http:\/\/domokos.ro\/index.php\/home-53\">http:\/\/domokos.ro\/index.php\/home-53<\/a><\/p>\n<p style=\"text-align: center;\"><a href=\"http:\/\/testvervaros.hajdusamson.hu\" target=\"_blank\">http:\/\/testvervaros.hajdusamson.hu<\/a><\/p>\n<\/div><\/div><div class=\"fusion-clearfix\"><\/div>\n","protected":false},"excerpt":{"rendered":"","protected":false},"author":1,"featured_media":0,"parent":11803,"menu_order":0,"comment_status":"open","ping_status":"open","template":"","meta":{"footnotes":""},"class_list":["post-11928","page","type-page","status-publish","hentry"],"_links":{"self":[{"href":"https:\/\/hajdusamson.hu\/index.php?rest_route=\/wp\/v2\/pages\/11928","targetHints":{"allow":["GET"]}}],"collection":[{"href":"https:\/\/hajdusamson.hu\/index.php?rest_route=\/wp\/v2\/pages"}],"about":[{"href":"https:\/\/hajdusamson.hu\/index.php?rest_route=\/wp\/v2\/types\/page"}],"author":[{"embeddable":true,"href":"https:\/\/hajdusamson.hu\/index.php?rest_route=\/wp\/v2\/users\/1"}],"replies":[{"embeddable":true,"href":"https:\/\/hajdusamson.hu\/index.php?rest_route=%2Fwp%2Fv2%2Fcomments&post=11928"}],"version-history":[{"count":4,"href":"https:\/\/hajdusamson.hu\/index.php?rest_route=\/wp\/v2\/pages\/11928\/revisions"}],"predecessor-version":[{"id":14560,"href":"https:\/\/hajdusamson.hu\/index.php?rest_route=\/wp\/v2\/pages\/11928\/revisions\/14560"}],"up":[{"embeddable":true,"href":"https:\/\/hajdusamson.hu\/index.php?rest_route=\/wp\/v2\/pages\/11803"}],"wp:attachment":[{"href":"https:\/\/hajdusamson.hu\/index.php?rest_route=%2Fwp%2Fv2%2Fmedia&parent=11928"}],"curies":[{"name":"wp","href":"https:\/\/api.w.org\/{rel}","templated":true}]}}