{"id":13678,"date":"2015-08-17T13:45:28","date_gmt":"2015-08-17T12:45:28","guid":{"rendered":"http:\/\/hajdusamson.hu\/?page_id=13678"},"modified":"2024-01-18T14:16:56","modified_gmt":"2024-01-18T13:16:56","slug":"kerelem-gyogyszertamogatas-megallapitasara","status":"publish","type":"page","link":"https:\/\/hajdusamson.hu\/?page_id=13678","title":{"rendered":"K\u00e9relem gy\u00f3gyszert\u00e1mogat\u00e1s meg\u00e1llap\u00edt\u00e1s\u00e1ra"},"content":{"rendered":"<style type='text\/css'>.reading-box-container-1 .element-bottomshadow:before,.reading-box-container-1 .element-bottomshadow:after{opacity:0.7;}<\/style><div class=\"fusion-reading-box-container reading-box-container-1\"><div class=\"reading-box\" style=\"background-color:#f6f6f6;border-width:1px;border-color:#f6f6f6;border-left-width:3px;border-left-color:#0057a3;border-style:solid;\"><h2>Let\u00f6lthet\u0151 nyomtatv\u00e1nyok (PDF)<\/h2>\n<ul>\n<li><a href=\"https:\/\/hajdusamson.hu\/wp-content\/uploads\/2024\/01\/Kerelem-gyogyszertamogatas-megallapitasara-v20240101.pdf\" target=\"_blank\" rel=\"noopener\">K\u00e9relem gy\u00f3gyszert\u00e1mogat\u00e1s meg\u00e1llap\u00edt\u00e1s\u00e1ra v20240101<\/a>\u00a0(PDF)<\/li>\n<li><a href=\"https:\/\/hajdusamson.hu\/wp-content\/uploads\/2021\/01\/Munk\u00e1ltat\u00f3i-igazol\u00e1s-v20210118.pdf\" target=\"_blank\" rel=\"noopener noreferrer\">Munk\u00e1ltat\u00f3i igazol\u00e1s v20210118<\/a> (PDF)<\/li>\n<li><a href=\"https:\/\/hajdusamson.hu\/wp-content\/uploads\/2021\/01\/Nyilatkozat-v20210118.pdf\" target=\"_blank\" rel=\"noopener noreferrer\">Nyilatkozat v20210118<\/a> (PDF)<\/li>\n<\/ul>\n<\/div><\/div>\n<div class=\"fusion-fullwidth fullwidth-box\" style=\"background-color:#ffffff;background-attachment:scroll;background-position:left top;background-repeat:no-repeat;-webkit-background-size:cover;-moz-background-size:cover;-o-background-size:cover;background-size:cover;border-color:#eae9e9;border-bottom-width: 0px;border-top-width: 0px;border-bottom-style: solid;border-top-style: solid;padding-bottom:20px;padding-left:20px;padding-right:20px;padding-top:20px;\"><div class=\"avada-row\">\n<p><strong><u>\u00dcgyle\u00edr\u00e1s:<\/u><\/strong><\/p>\n<p style=\"padding-left: 40px;\">A szoci\u00e1lis r\u00e1szorult szem\u00e9ly r\u00e9sz\u00e9re az eg\u00e9szs\u00e9gi \u00e1llapota meg\u0151rz\u00e9s\u00e9hez \u00e9s helyre\u00e1ll\u00edt\u00e1s\u00e1hoz kapcsol\u00f3d\u00f3 kiad\u00e1sok cs\u00f6kkent\u00e9se \u00e9rdek\u00e9ben biztos\u00edtott hozz\u00e1j\u00e1rul\u00e1s.<\/p>\n<p><strong><u>Sz\u00fcks\u00e9ges okiratok:<\/u><\/strong><\/p>\n<p style=\"padding-left: 40px;\">Az ig\u00e9nyl\u0151 adatlap beny\u00fajt\u00e1sa eset\u00e9n az \u00fcgyint\u00e9z\u00e9s el\u0151seg\u00edt\u00e9se \u00e9rdek\u00e9ben a k\u00e9relmez\u0151 szem\u00e9lyi igazolv\u00e1nya, lakc\u00edmnyilv\u00e1ntart\u00f3-k\u00e1rtya \u00e9s TAJ- k\u00e1rtya bemutat\u00e1sa sz\u00fcks\u00e9ges!<\/p>\n<p><strong><u>A k\u00e9relemhez csatolni kell:<\/u><\/strong><\/p>\n<ul>\n<li>a\u00a0havi rendszeress\u00e9ggel j\u00e1r\u00f3 \u2013 nem v\u00e1llalkoz\u00e1sb\u00f3l, illetve \u0151stermel\u0151i tev\u00e9kenys\u00e9gb\u0151l sz\u00e1rmaz\u00f3- j\u00f6vedelem eset\u00e9n a k\u00e9relem beny\u00fajt\u00e1s\u00e1t megel\u0151z\u0151 h\u00f3nap j\u00f6vedelm\u00e9r\u0151l sz\u00f3l\u00f3 igazol\u00e1st<\/li>\n<li>a nem havi rendszeress\u00e9ggel szerzett, illetve v\u00e1llalkoz\u00e1sb\u00f3l sz\u00e1rmaz\u00f3 j\u00f6vedelem eset\u00e9n a k\u00e9relem beny\u00fajt\u00e1s\u00e1nak h\u00f3napj\u00e1t k\u00f6zvetlen\u00fcl megel\u0151z\u0151 tizenk\u00e9t h\u00f3nap alatt szerzett j\u00f6vedelem egy havi \u00e1tlag\u00e1r\u00f3l sz\u00f3l\u00f3 igazol\u00e1st,<\/li>\n<li>gyermektart\u00e1sd\u00edjra, iskolal\u00e1togat\u00e1si, \u00f6szt\u00f6nd\u00edjra vonatkoz\u00f3 igazol\u00e1st,<\/li>\n<li>18 \u00e9v feletti gyermek eset\u00e9ben a di\u00e1kigazolv\u00e1ny m\u00e1solat\u00e1t,<\/li>\n<li>30 napn\u00e1l nem r\u00e9gebbi, joger\u0151s alanyi, vagy normat\u00edv k\u00f6zgy\u00f3gyell\u00e1t\u00e1sra val\u00f3 jogosults\u00e1got elutas\u00edt\u00f3 hat\u00e1rozat, vagy a Hajd\u00fa-Bihar V\u00e1rmegyei Korm\u00e1nyhivatal Debreceni J\u00e1r\u00e1si Hivatal\u00e1nak igazol\u00e1sa arr\u00f3l, hogy a k\u00e9relmez\u0151 alanyi, illetve normat\u00edv jogon k\u00f6zgy\u00f3gyell\u00e1t\u00e1sra nem jogosult.<\/li>\n<\/ul>\n<p><strong><u>A gyorsabb \u00fcgyint\u00e9z\u00e9s \u00e9rdek\u00e9ben csatolni lehet:<\/u><\/strong><\/p>\n<ul>\n<li>\u00e1rvaell\u00e1t\u00e1s \u00f6sszeg\u00e9r\u0151l sz\u00f3l\u00f3 hat\u00f3s\u00e1gi bizony\u00edtv\u00e1nyt,<\/li>\n<li>\u00e1ll\u00e1skeres\u00e9si ell\u00e1t\u00e1s hat\u00e1rozat\u00e1t,<\/li>\n<li>nyugd\u00edjasok eset\u00e9n a Nyugd\u00edjfoly\u00f3s\u00edt\u00f3 Igazgat\u00f3s\u00e1g \u00e1ltal kiadott nyugd\u00edj \u00f6sszeg\u00e9r\u0151l sz\u00f3l\u00f3 \u00e9ves igazol\u00e1st, a k\u00e9relem beny\u00fajt\u00e1s\u00e1t megel\u0151z\u0151 h\u00f3nap nyugd\u00edjszelv\u00e9ny\u00e9t.<\/li>\n<li>V\u00e1l\u00e1sr\u00f3l, gyermekelhelyez\u00e9sr\u0151l sz\u00f3l\u00f3 b\u00edr\u00f3s\u00e1gi v\u00e9gz\u00e9s m\u00e1solat\u00e1t.<\/li>\n<\/ul>\n<p><strong><u>Az \u00fcgyet int\u00e9z\u0151 iroda:<\/u><\/strong><\/p>\n<p style=\"padding-left: 30px;\">Hajd\u00fas\u00e1msoni Polg\u00e1rmesteri Hivatal<br \/>\nSzoci\u00e1lis \u00e9s Gy\u00e1m\u00fcgyi Iroda<br \/>\n4251. Hajd\u00fas\u00e1mson, Szabads\u00e1g t\u00e9r 5. \u201eD\u201d \u00e9p\u00fclet<\/p>\n<p><strong><u>\u00dcgyint\u00e9z\u00e9s helye, el\u00e9rhet\u0151s\u00e9ge \u00e9s rendje:<\/u><\/strong><\/p>\n<p style=\"padding-left: 30px;\">4251. Hajd\u00fas\u00e1mson, Szabads\u00e1g t\u00e9r 5. \u201eD\u201d \u00e9p\u00fclet<br \/>\n<strong>Telefon:\u00a0<\/strong>+36<strong>\u00a0<\/strong>(52) 590-590<br \/>\n<strong>E-mail: <\/strong><a href=\"mailto:szocialisiroda@hajdusamson.hu\">szocialisiroda@hajdusamson.hu<\/a><\/p>\n<p><strong><u>\u00dcgyf\u00e9lfogad\u00e1si id\u0151pontok:<\/u><\/strong><\/p>\n<p style=\"padding-left: 30px;\">H\u00e9tf\u0151: 12.30 \u2013 16.00<br \/>\nKedd, szerda, p\u00e9ntek: 8.00 \u2013 12.00<br \/>\nCs\u00fct\u00f6rt\u00f6k\u00f6n \u00fcgyf\u00e9lfogad\u00e1s nincs.<\/p>\n<p><strong><u>\u00dcgyint\u00e9z\u00e9s hat\u00e1rideje \u00e9s d\u00edja:<\/u><\/strong><\/p>\n<p style=\"padding-left: 30px;\">60 nap, k\u00f6lts\u00e9g \u00e9s illet\u00e9kmentes.<\/p>\n<p><strong><u>Kapcsol\u00f3d\u00f3 dokumentumok, nyomtatv\u00e1nyok, \u00fatmutat\u00f3k:<\/u><\/strong><\/p>\n<p style=\"padding-left: 30px;\">A k\u00e9relmet formanyomtatv\u00e1nyon kell beny\u00fajtani:<\/p>\n<ul>\n<li><a href=\"https:\/\/hajdusamson.hu\/wp-content\/uploads\/2024\/01\/Kerelem-gyogyszertamogatas-megallapitasara-v20240101.pdf\" target=\"_blank\" rel=\"noopener\">K\u00e9relem gy\u00f3gyszert\u00e1mogat\u00e1s meg\u00e1llap\u00edt\u00e1s\u00e1ra v20240101<\/a>\u00a0(PDF)<\/li>\n<li><a href=\"https:\/\/hajdusamson.hu\/wp-content\/uploads\/2021\/01\/Munk\u00e1ltat\u00f3i-igazol\u00e1s-v20210118.pdf\" target=\"_blank\" rel=\"noopener noreferrer\">Munk\u00e1ltat\u00f3i igazol\u00e1s v20210118<\/a> (PDF)<\/li>\n<li><a href=\"https:\/\/hajdusamson.hu\/wp-content\/uploads\/2021\/01\/Nyilatkozat-v20210118.pdf\" target=\"_blank\" rel=\"noopener noreferrer\">Nyilatkozat v20210118<\/a> (PDF)<\/li>\n<\/ul>\n<p><strong><u>Az alkalmazott jogszab\u00e1lyok:<\/u><\/strong><\/p>\n<ul>\n<li>A szoci\u00e1lis igazgat\u00e1sr\u00f3l \u00e9s szoci\u00e1lis ell\u00e1t\u00e1sokr\u00f3l sz\u00f3l\u00f3 1993. \u00e9vi III. t\u00f6rv\u00e9ny 45. \u00a7-a.<\/li>\n<li style=\"text-align: justify;\">A telep\u00fcl\u00e9si t\u00e1mogat\u00e1s meg\u00e1llap\u00edt\u00e1s\u00e1nak, kifizet\u00e9s\u00e9nek, foly\u00f3s\u00edt\u00e1s\u00e1nak, valamint felhaszn\u00e1l\u00e1sa ellen\u0151rz\u00e9s\u00e9nek szab\u00e1lyair\u00f3l sz\u00f3l\u00f3 5\/2015 (II.26.) Hajd\u00fas\u00e1mson V\u00e1ros \u00d6nkorm\u00e1nyzata K\u00e9pvisel\u0151-test\u00fclet\u00e9nek \u00f6nkorm\u00e1nyzati rendelete.<\/li>\n<\/ul>\n<p><strong><em><u>Egy\u00e9b fontos tudnival\u00f3k:<\/u><\/em><\/strong><\/p>\n<p><em>R\u00e1szorults\u00e1gi jogosults\u00e1g felt\u00e9telei:<\/em><\/p>\n<ul>\n<li>a v\u00e9nyk\u00f6teles havi rendszeres gy\u00f3gy\u00edt\u00f3 ell\u00e1t\u00e1s k\u00f6lts\u00e9g\u00e9nek m\u00e9rt\u00e9ke el\u00e9ri vagy meghaladja az \u00f6regs\u00e9gi nyugd\u00edj mindenkori legkisebb \u00f6sszeg\u00e9nek 30%-\u00e1t (8 550 Ft-ot)<\/li>\n<li>a csal\u00e1d egy f\u0151re jut\u00f3 j\u00f6vedelme nem haladja meg az 69 770 Ft-ot, vagy<\/li>\n<li>egyed\u00fcl\u00e1ll\u00f3, egyed\u00fcl \u00e9l\u0151 eset\u00e9ben a 73 870 Ft-ot<\/li>\n<li>a gy\u00f3gyszert\u00e1mogat\u00e1s havi \u00f6sszege legfeljebb 5 000 Ft.<\/li>\n<li>\u00c9rv\u00e9nyess\u00e9gi ideje: 1 \u00e9v.<\/li>\n<\/ul>\n<\/div><\/div>\n","protected":false},"excerpt":{"rendered":"","protected":false},"author":1,"featured_media":0,"parent":11736,"menu_order":0,"comment_status":"open","ping_status":"open","template":"","meta":{"footnotes":""},"class_list":["post-13678","page","type-page","status-publish","hentry"],"_links":{"self":[{"href":"https:\/\/hajdusamson.hu\/index.php?rest_route=\/wp\/v2\/pages\/13678","targetHints":{"allow":["GET"]}}],"collection":[{"href":"https:\/\/hajdusamson.hu\/index.php?rest_route=\/wp\/v2\/pages"}],"about":[{"href":"https:\/\/hajdusamson.hu\/index.php?rest_route=\/wp\/v2\/types\/page"}],"author":[{"embeddable":true,"href":"https:\/\/hajdusamson.hu\/index.php?rest_route=\/wp\/v2\/users\/1"}],"replies":[{"embeddable":true,"href":"https:\/\/hajdusamson.hu\/index.php?rest_route=%2Fwp%2Fv2%2Fcomments&post=13678"}],"version-history":[{"count":8,"href":"https:\/\/hajdusamson.hu\/index.php?rest_route=\/wp\/v2\/pages\/13678\/revisions"}],"predecessor-version":[{"id":23687,"href":"https:\/\/hajdusamson.hu\/index.php?rest_route=\/wp\/v2\/pages\/13678\/revisions\/23687"}],"up":[{"embeddable":true,"href":"https:\/\/hajdusamson.hu\/index.php?rest_route=\/wp\/v2\/pages\/11736"}],"wp:attachment":[{"href":"https:\/\/hajdusamson.hu\/index.php?rest_route=%2Fwp%2Fv2%2Fmedia&parent=13678"}],"curies":[{"name":"wp","href":"https:\/\/api.w.org\/{rel}","templated":true}]}}

Kérelem gyógyszertámogatás megállapítására

<style type='text/css'>.reading-box-container-1 .element-bottomshadow:before,.reading-box-container-1 .element-bottomshadow:after{opacity:0.7;}</style><div class="fusion-reading-box-container reading-box-container-1"><div class="reading-box" style="background-color:#f6f6f6;border-width:1px;border-color:#f6f6f6;border-left-width:3px;border-left-color:#0057a3;border-style:solid;"><h2>Letölthető nyomtatványok (PDF)</h2>
<ul>
<li><a href="https://hajdusamson.hu/wp-content/uploads/2024/01/Kerelem-gyogyszertamogatas-megallapitasara-v20240101.pdf" target="_blank" rel="noopener">Kérelem gyógyszertámogatás megállapítására v20240101</a> (PDF)</li>
<li><a href="https://hajdusamson.hu/wp-content/uploads/2021/01/Munkáltatói-igazolás-v20210118.pdf" target="_blank" rel="noopener noreferrer">Munkáltatói igazolás v20210118</a> (PDF)</li>
<li><a href="https://hajdusamson.hu/wp-content/uploads/2021/01/Nyilatkozat-v20210118.pdf" target="_blank" rel="noopener noreferrer">Nyilatkozat v20210118</a> (PDF)</li>
</ul>
</div></div>
<div class="fusion-fullwidth fullwidth-box" style="background-color:#ffffff;background-attachment:scroll;background-position:left top;background-repeat:no-repeat;-webkit-background-size:cover;-moz-background-size:cover;-o-background-size:cover;background-size:cover;border-color:#eae9e9;border-bottom-width: 0px;border-top-width: 0px;border-bottom-style: solid;border-top-style: solid;padding-bottom:20px;padding-left:20px;padding-right:20px;padding-top:20px;"><div class="avada-row">
<p><strong><u>Ügyleírás:</u></strong></p>
<p style="padding-left: 40px;">A szociális rászorult személy részére az egészségi állapota megőrzéséhez és helyreállításához kapcsolódó kiadások csökkentése érdekében biztosított hozzájárulás.</p>
<p><strong><u>Szükséges okiratok:</u></strong></p>
<p style="padding-left: 40px;">Az igénylő adatlap benyújtása esetén az ügyintézés elősegítése érdekében a kérelmező személyi igazolványa, lakcímnyilvántartó-kártya és TAJ- kártya bemutatása szükséges!</p>
<p><strong><u>A kérelemhez csatolni kell:</u></strong></p>
<ul>
<li>a havi rendszerességgel járó – nem vállalkozásból, illetve őstermelői tevékenységből származó- jövedelem esetén a kérelem benyújtását megelőző hónap jövedelméről szóló igazolást</li>
<li>a nem havi rendszerességgel szerzett, illetve vállalkozásból származó jövedelem esetén a kérelem benyújtásának hónapját közvetlenül megelőző tizenkét hónap alatt szerzett jövedelem egy havi átlagáról szóló igazolást,</li>
<li>gyermektartásdíjra, iskolalátogatási, ösztöndíjra vonatkozó igazolást,</li>
<li>18 év feletti gyermek esetében a diákigazolvány másolatát,</li>
<li>30 napnál nem régebbi, jogerős alanyi, vagy normatív közgyógyellátásra való jogosultságot elutasító határozat, vagy a Hajdú-Bihar Vármegyei Kormányhivatal Debreceni Járási Hivatalának igazolása arról, hogy a kérelmező alanyi, illetve normatív jogon közgyógyellátásra nem jogosult.</li>
</ul>
<p><strong><u>A gyorsabb ügyintézés érdekében csatolni lehet:</u></strong></p>
<ul>
<li>árvaellátás összegéről szóló hatósági bizonyítványt,</li>
<li>álláskeresési ellátás határozatát,</li>
<li>nyugdíjasok esetén a Nyugdíjfolyósító Igazgatóság által kiadott nyugdíj összegéről szóló éves igazolást, a kérelem benyújtását megelőző hónap nyugdíjszelvényét.</li>
<li>Válásról, gyermekelhelyezésről szóló bírósági végzés másolatát.</li>
</ul>
<p><strong><u>Az ügyet intéző iroda:</u></strong></p>
<p style="padding-left: 30px;">Hajdúsámsoni Polgármesteri Hivatal<br />
Szociális és Gyámügyi Iroda<br />
4251. Hajdúsámson, Szabadság tér 5. „D” épület</p>
<p><strong><u>Ügyintézés helye, elérhetősége és rendje:</u></strong></p>
<p style="padding-left: 30px;">4251. Hajdúsámson, Szabadság tér 5. „D” épület<br />
<strong>Telefon: </strong>+36<strong> </strong>(52) 590-590<br />
<strong>E-mail: </strong><a href="mailto:szocialisiroda@hajdusamson.hu">szocialisiroda@hajdusamson.hu</a></p>
<p><strong><u>Ügyfélfogadási időpontok:</u></strong></p>
<p style="padding-left: 30px;">Hétfő: 12.30 – 16.00<br />
Kedd, szerda, péntek: 8.00 – 12.00<br />
Csütörtökön ügyfélfogadás nincs.</p>
<p><strong><u>Ügyintézés határideje és díja:</u></strong></p>
<p style="padding-left: 30px;">60 nap, költség és illetékmentes.</p>
<p><strong><u>Kapcsolódó dokumentumok, nyomtatványok, útmutatók:</u></strong></p>
<p style="padding-left: 30px;">A kérelmet formanyomtatványon kell benyújtani:</p>
<ul>
<li><a href="https://hajdusamson.hu/wp-content/uploads/2024/01/Kerelem-gyogyszertamogatas-megallapitasara-v20240101.pdf" target="_blank" rel="noopener">Kérelem gyógyszertámogatás megállapítására v20240101</a> (PDF)</li>
<li><a href="https://hajdusamson.hu/wp-content/uploads/2021/01/Munkáltatói-igazolás-v20210118.pdf" target="_blank" rel="noopener noreferrer">Munkáltatói igazolás v20210118</a> (PDF)</li>
<li><a href="https://hajdusamson.hu/wp-content/uploads/2021/01/Nyilatkozat-v20210118.pdf" target="_blank" rel="noopener noreferrer">Nyilatkozat v20210118</a> (PDF)</li>
</ul>
<p><strong><u>Az alkalmazott jogszabályok:</u></strong></p>
<ul>
<li>A szociális igazgatásról és szociális ellátásokról szóló 1993. évi III. törvény 45. §-a.</li>
<li style="text-align: justify;">A települési támogatás megállapításának, kifizetésének, folyósításának, valamint felhasználása ellenőrzésének szabályairól szóló 5/2015 (II.26.) Hajdúsámson Város Önkormányzata Képviselő-testületének önkormányzati rendelete.</li>
</ul>
<p><strong><em><u>Egyéb fontos tudnivalók:</u></em></strong></p>
<p><em>Rászorultsági jogosultság feltételei:</em></p>
<ul>
<li>a vényköteles havi rendszeres gyógyító ellátás költségének mértéke eléri vagy meghaladja az öregségi nyugdíj mindenkori legkisebb összegének 30%-át (8 550 Ft-ot)</li>
<li>a család egy főre jutó jövedelme nem haladja meg az 69 770 Ft-ot, vagy</li>
<li>egyedülálló, egyedül élő esetében a 73 870 Ft-ot</li>
<li>a gyógyszertámogatás havi összege legfeljebb 5 000 Ft.</li>
<li>Érvényességi ideje: 1 év.</li>
</ul>
</div></div>
